{"id":16,"date":"2022-08-14T11:06:43","date_gmt":"2022-08-14T09:06:43","guid":{"rendered":"https:\/\/id-horsemanship.hsudl-hosting.eu\/?page_id=16"},"modified":"2023-11-27T12:33:34","modified_gmt":"2023-11-27T11:33:34","slug":"kontakt-preise","status":"publish","type":"page","link":"https:\/\/www.id-horsemanship.de\/?page_id=16","title":{"rendered":"Kontakt &#038; Preise"},"content":{"rendered":"\n<figure class=\"wp-block-image size-large\"><img loading=\"lazy\" decoding=\"async\" width=\"1024\" height=\"234\" src=\"https:\/\/id-horsemanship.hsudl-hosting.eu\/wp-content\/uploads\/2023\/01\/Logo-mit-NHSTExt-2-1024x234.jpg\" alt=\"\" class=\"wp-image-60\" srcset=\"https:\/\/www.id-horsemanship.de\/wp-content\/uploads\/2023\/01\/Logo-mit-NHSTExt-2-1024x234.jpg 1024w, https:\/\/www.id-horsemanship.de\/wp-content\/uploads\/2023\/01\/Logo-mit-NHSTExt-2-300x69.jpg 300w, https:\/\/www.id-horsemanship.de\/wp-content\/uploads\/2023\/01\/Logo-mit-NHSTExt-2-768x176.jpg 768w, https:\/\/www.id-horsemanship.de\/wp-content\/uploads\/2023\/01\/Logo-mit-NHSTExt-2-1536x351.jpg 1536w, https:\/\/www.id-horsemanship.de\/wp-content\/uploads\/2023\/01\/Logo-mit-NHSTExt-2-1568x358.jpg 1568w, https:\/\/www.id-horsemanship.de\/wp-content\/uploads\/2023\/01\/Logo-mit-NHSTExt-2.jpg 1632w\" sizes=\"auto, (max-width: 1024px) 100vw, 1024px\" \/><\/figure>\n\n\n\n<div class=\"wp-block-media-text alignwide is-stacked-on-mobile\"><figure class=\"wp-block-media-text__media\"><img loading=\"lazy\" decoding=\"async\" width=\"622\" height=\"933\" src=\"https:\/\/id-horsemanship.hsudl-hosting.eu\/wp-content\/uploads\/2023\/01\/swKursKehl.jpg\" alt=\"\" class=\"wp-image-72 size-full\" srcset=\"https:\/\/www.id-horsemanship.de\/wp-content\/uploads\/2023\/01\/swKursKehl.jpg 622w, https:\/\/www.id-horsemanship.de\/wp-content\/uploads\/2023\/01\/swKursKehl-200x300.jpg 200w\" sizes=\"auto, (max-width: 622px) 100vw, 622px\" \/><\/figure><div class=\"wp-block-media-text__content\">\n<p>Isabelle Eckert<br><\/p>\n\n\n\n<p>Mobil: 015146387064<\/p>\n\n\n\n<p>E-Mail: Isy93@gmx.de<\/p>\n\n\n\n<p>Instagram: <a href=\"https:\/\/www.instagram.com\/isabelle_dodge_horsemanship\/\" data-type=\"URL\" data-id=\"https:\/\/www.instagram.com\/isabelle_dodge_horsemanship\/\">https:\/\/www.instagram.com\/isabelle_dodge_horsemanship\/<\/a><\/p>\n<\/div><\/div>\n\n\n\n<hr class=\"wp-block-separator has-alpha-channel-opacity is-style-wide\"\/>\n\n\n\n<h2 class=\"wp-block-heading\">Preisliste<\/h2>\n\n\n\n<p>Unterricht erfolgt am eigenen Pferd.&nbsp;<br>Schulpferde nach Absprache.<\/p>\n\n\n\n<p>Einzelstunden:&nbsp;<br>Im Normalfall ca. 40-45 min, darin enthalten sind Pausen f\u00fcr das Pferd gef\u00fcllt mit Theorie f\u00fcr den Reiter.<br>Die Zeit richtet sich nach Pferd und Reiter, daher k\u00f6nnen Abweichungen vorkommen. Die Stunden sind individuell mit mir planbar und k\u00f6nnen auch k\u00fcrzer oder l\u00e4nger ausfallen. (H\u00e4ufig l\u00e4nger da mir das theoretische Verst\u00e4ndnis sehr wichtig ist.)<\/p>\n\n\n\n<p>Einzelstunde&nbsp; &nbsp; &nbsp; &nbsp; &nbsp; &nbsp; &nbsp; &nbsp; &nbsp; &nbsp; &nbsp; &nbsp; &nbsp; &nbsp; &nbsp; &nbsp; &nbsp; &nbsp;&nbsp;35\u20ac<br><\/p>\n\n\n\n<p><\/p>\n\n\n\n<p><\/p>\n\n\n\n<p>Verladen:&nbsp;<br>Da jedes Pferd anders ist, biete ich eine Pauschalzeit von 2h an, h\u00e4ufig gehen die Pferde bereits fr\u00fcher wieder in den H\u00e4nger. Die Zeit m\u00f6chte ich allerdings dem Pferd, dem Besitzer und mir einr\u00e4umen um keinen unn\u00f6tigen Zeitdruck der negativ auf die Situation wirken k\u00f6nnte entstehen zu lassen. Besonders beim Verladen sind Pausen an der richtigen Stellen gesetzt unser wichtigstes Werkzeug.<\/p>\n\n\n\n<p>die ersten 2 Stunden:&nbsp; &nbsp; 80\u20ac<\/p>\n\n\n\n<p>jede weitere Stunde, falls n\u00f6tig: &nbsp; &nbsp; 25\u20ac<\/p>\n\n\n\n<p>Beritt und Korrektur nach pers\u00f6nlicher und individueller Absprache.&nbsp;<\/p>\n\n\n\n<p>Anfahrt:  F\u00fcr die Anfahrt erlaube ich mir 0,50\u20ac \/ km zu berechnen. Meine Anfahrtszeit&nbsp;die ich dabei f\u00fcr den Weg au\u00dferdem ben\u00f6tige stelle ich nicht in Rechnung. <\/p>\n","protected":false},"excerpt":{"rendered":"<p>Isabelle Eckert Mobil: 015146387064 E-Mail: Isy93@gmx.de Instagram: https:\/\/www.instagram.com\/isabelle_dodge_horsemanship\/ Preisliste Unterricht erfolgt am eigenen Pferd.&nbsp;Schulpferde nach Absprache. Einzelstunden:&nbsp;Im Normalfall ca. 40-45 min, darin enthalten sind Pausen f\u00fcr das Pferd gef\u00fcllt mit Theorie f\u00fcr den Reiter.Die Zeit richtet sich nach Pferd und Reiter, daher k\u00f6nnen Abweichungen vorkommen. Die Stunden sind individuell mit mir planbar und k\u00f6nnen auch &hellip; <\/p>\n<p class=\"link-more\"><a href=\"https:\/\/www.id-horsemanship.de\/?page_id=16\" class=\"more-link\"><span class=\"screen-reader-text\">\u201eKontakt &#038; Preise\u201c<\/span> weiterlesen<\/a><\/p>\n","protected":false},"author":1,"featured_media":0,"parent":0,"menu_order":0,"comment_status":"closed","ping_status":"closed","template":"","meta":{"footnotes":""},"class_list":["post-16","page","type-page","status-publish","hentry","entry"],"_links":{"self":[{"href":"https:\/\/www.id-horsemanship.de\/index.php?rest_route=\/wp\/v2\/pages\/16","targetHints":{"allow":["GET"]}}],"collection":[{"href":"https:\/\/www.id-horsemanship.de\/index.php?rest_route=\/wp\/v2\/pages"}],"about":[{"href":"https:\/\/www.id-horsemanship.de\/index.php?rest_route=\/wp\/v2\/types\/page"}],"author":[{"embeddable":true,"href":"https:\/\/www.id-horsemanship.de\/index.php?rest_route=\/wp\/v2\/users\/1"}],"replies":[{"embeddable":true,"href":"https:\/\/www.id-horsemanship.de\/index.php?rest_route=%2Fwp%2Fv2%2Fcomments&post=16"}],"version-history":[{"count":7,"href":"https:\/\/www.id-horsemanship.de\/index.php?rest_route=\/wp\/v2\/pages\/16\/revisions"}],"predecessor-version":[{"id":100,"href":"https:\/\/www.id-horsemanship.de\/index.php?rest_route=\/wp\/v2\/pages\/16\/revisions\/100"}],"wp:attachment":[{"href":"https:\/\/www.id-horsemanship.de\/index.php?rest_route=%2Fwp%2Fv2%2Fmedia&parent=16"}],"curies":[{"name":"wp","href":"https:\/\/api.w.org\/{rel}","templated":true}]}}